 + c, -1 = -b + 3*i - 13. Suppose b*u - 7 = 8. Determine l(u).
0
Let o(t) be the third derivative of 0 - 11*t**2 + 0*t - 5/24*t**4 - 1/120*t**6 - 7/60*t**5 + 1/6*t**3. Calculate o(-6).
-5
Let b(x) = -20*x. Let f(j) = 22*j - 1. Let o(v) = 6*b(v) + 5*f(v). Let c(n) = -n**2 + 10*n + 4. Let m(q) = 2*c(q) + 3*o(q). What is m(-6)?
-19
Let c(m) = 15 + 45*m**2 - m - 17 - 46*m**2. Suppose 0 = -v + 4*v - 9. Give c(v).
-14
Let g(s) = -16*s**3 + s - 1. Let r be g(1). Let m be (-12)/42 - r/7. Let k(w) = -2*w**3 - 7 - w**2 + w**3 + 0*w**3 + w + 2*w**m. Give k(0).
-7
Let d be 2/(-16) - (-1023)/(-264). Let f(a) = -2*a**2 - 6*a - 4. Determine f(d).
-12
Suppose 152*z - 450 = 62*z. Let k(o) be the third derivative of -o**6/120 + o**5/10 - o**4/6 - o**3/2 + o**2. Give k(z).
2
Let r(x) = 5*x**2 - 3*x + 14. Suppose 18 = -4*a + 10*a. Let w(o) = 2*o**2 - o + 5. Let j(d) = a*r(d) - 8*w(d). Determine j(-5).
-18
Let q(t) = -9*t**2 - 2*t. Let m(i) = 36*i**2 + 9*i. Let o(k) = 3*k - 6. Let v be o(5). Let r be (26/(-6) - -4)*-6. Let l(w) = r*m(w) + v*q(w). Determine l(1).
-9
Let p(n) = -n**2 + 1 - 5 - 1 + 7*n + 3. Let k be p(7). Let o = k + 0. Let v(i) = 2*i**3 + 2*i**2 - 2*i. Give v(o).
-4
Suppose -110 = 13*x - 32. Let h(r) = 5*r**2 + r + 17. Let f(m) = 6*m**2 + 18. Let j(v) = x*f(v) + 7*h(v). Determine j(8).
3
Let k(n) = 7*n + 1. Let w(h) = -10*h - 1. Let i(q) = 7*k(q) + 5*w(q). Let x be 2/(-8) - 94/8. Let g be (-45)/(-6)*(-8)/x. Calculate i(g).
-3
Suppose -24*n - 144 = -48. Let f(h) = h**3 + 4*h**2 + 2*h + 5. Determine f(n).
-3
Let x(u) = -u**3 + 6*u**2 + 2*u - 1. Suppose 7*l = 2*j + 6*l - 6, 2*j = -l + 10. Determine x(j).
39
Let o(g) be the second derivative of 13*g - 1/6*g**3 + 0 - 6*g**2. Calculate o(-5).
-7
Let q(d) be the third derivative of d**7/2520 + d**6/360 + d**5/120 + 7*d**4/6 + 4*d**2. Let z(g) be the second derivative of q(g). Determine z(-3).
4
Let a(p) = p**3 - 4*p**2 - 3*p + 7. Let d = -369 - -374. Determine a(d).
17
Let p(t) = t - 13. Suppose -10 = 3*d - o + 3*o, -d + o - 5 = 0. Let g be -42*(69/18 + d). What is p(g)?
-6
Let j be ((-26)/7 - -4)*14. Let w(r) = 3*r - j*r**2 + r**3 - 2*r**3 + 2*r**2. Suppose h + 7 - 9 = 0. Calculate w(h).
-10
Suppose 6*c = 5 + 1. Suppose -3*d + c + 19 = -2*v, -4*v = 4. Let u(t) = -t**3 + 7*t**2 - 5*t + 7. Determine u(d).
13
Suppose -4*j + 13 = -5*q, 3*j + 83*q - 79*q = 2. Let y(s) be the first derivative of -1/3*s**3 + s + 12 - 1/2*s**j. What is y(2)?
-5
Let u(k) = -k**3 - 7*k**2 - k - 7. Let p(o) = o**2 - 6*o + 2. Let t be p(3). Determine u(t).
0
Let o(g) be the third derivative of -g**4/24 - g**3/2 + 7*g**2. Let k be (-18)/10*40/8 + 4. What is o(k)?
2
Let i(p) = p**3 - 5*p**2 - p - 5. Suppose 16 = -3*m + 5*z + 4, 0 = 2*m - z + 1. Let f = m + 4. Calculate i(f).
-10
Let w = 11 - 7. Let l(y) be the second derivative of -1/2*y**w - 1/3*y**3 + 0 - 3*y - 1/2*y**2. What is l(-1)?
-5
Let r be (-6)/(-15) - (-33)/5. Let l(p) = -70*p - 1 + 59*p + 13*p. Calculate l(r).
13
Suppose 25 + 56 = 9*b. Let n(h) = 5 - 9*h - 3*h**2 + 4*h**2 - h. What is n(b)?
-4
Let m(w) = -w**2 + 1. Suppose -54 = 4*d - 10*d. Let i(o) = -2 + d*o - 12*o + 4*o**2 - 2*o**2. Let g(s) = -i(s) - 3*m(s). Give g(-4).
3
Let w(j) = -7 - 7 + j**2 + 11 - 5*j. Let h(i) = i + 6. Let r be h(-5). Let u be (3/(-5))/(r/(-5)). Calculate w(u).
-9
Let a(q) = -5*q + 79. Let d(r) = -r + 20. Let c(k) = -2*a(k) + 9*d(k). Determine c(-7).
15
Let r(n) be the second derivative of -n**4/12 - 2*n**2 - 10*n. Let w(u) = 2*u + 14. Let c be w(-7). Calculate r(c).
-4
Let a(c) be the first derivative of -21 + 3*c - 1/2*c**2. Calculate a(8).
-5
Let s(r) = 8*r + 9. Let d(a) = -2. Let y(l) = -4*d(l) - s(l). Calculate y(2).
-17
Let g(p) = -4*p + 5. Suppose -5*z - 66 = f - 0*f, 0 = -3*z - 3*f - 42. Calculate g(z).
57
Suppose 5*d + 4*l = 10, -d + l = 2*d - 6. Suppose 2 = d*b + 2*f, -50 + 21 = 3*b - 5*f. Let u(g) = g**3 + 3*g**2 + 2*g + 1. Calculate u(b).
-5
Let f(d) = 4*d - 38. Let u be f(10). Let l(o) = -o**2 + 257*o - u + 251*o - 511*o. Calculate l(-4).
-6
Let s(y) = -y**3 + 4*y**2 - 3*y + 1. Let d be s(2). Let l = -15 - -15. Let o(c) = 2*c + l*c - c**2 + 0*c + 0*c - 3. What is o(d)?
-6
Let c = -265 - -267. Let z(l) = -l - 1. Give z(c).
-3
Let w(k) be the first derivative of -k**3 + 2*k**2 + 9*k + 141. Calculate w(3).
-6
Let a(k) = 2 + 4*k - k - 4*k. Let l(o) be the second derivative of -o**5/20 + 3*o**4/2 + 10*o**3/3 - 13*o**2/2 - 13*o. Let c be l(19). What is a(c)?
-4
Let p(w) be the first derivative of w**4/4 + w**2/2 - 20. Let k(o) = -5*o**3 + 5*o**2 - 12*o + 5. Let m(v) = k(v) + 6*p(v). Determine m(-6).
5
Let d be 1*1*-1 + (2 - -11). Suppose -d*v = -9*v + 6. Let i(z) = 2*z + 6. Let g(s) = 2*s + 5. Let y(b) = -3*g(b) + 2*i(b). Determine y(v).
1
Let n = 21 + -10. Suppose 13*v + 2 = n*v. Let b(h) = 13*h**2 + 7*h - 2. Let g(o) = 7*o**2 + 4*o - 1. Let d(i) = -4*b(i) + 7*g(i). Give d(v).
-2
Let v(h) = 383*h + 32 + 4 - 370*h + h**2. What is v(-9)?
0
Let w be 2/(-4) + 3/(-2). Let p(y) be the third derivative of -9*y**2 + 0*y + 1/24*y**4 + 1/60*y**5 + 1/6*y**3 + 0. What is p(w)?
3
Let t(y) = -y**3 - 6*y**2 + 22*y + 48. Let z be t(-8). Let b(d) = -d + 11. What is b(z)?
11
Let t(j) = 2*j + 32. Let r(m) = 1. Let c(d) = 42*r(d) - 3*t(d). What is c(-9)?
0
Let v(z) = -z + 6. Let p(i) = -6. Let b(t) = 2*p(t) + 3*v(t). Calculate b(5).
-9
Let u be (-12)/(-5) - 16/40. Let m(o) = 0*o**2 + 14 - o**u - 12 - 1. Determine m(3).
-8
Let u(b) = b**2 + 8*b - 7*b - 29 + 15 + 13. Let y(a) = a**3 - 3*a**2 - 6*a + 5. Let k be y(4). Determine u(k).
5
Let q(j) = 4*j - 1. Let x(o) = -10*o - 4. Let a(l) = 11*l + 5. Let b(s) = -5*a(s) - 6*x(s). Let w(z) = 5*b(z) - 6*q(z). Determine w(-7).
-6
Let f(j) = 6*j + 1. Let r(x) = x**3 + 2*x**2 - 10*x - 2. Let b be r(-4). Suppose -2*d = -3*l - 0 + 2, 5*d = 2*l + b. Give f(d).
13
Let w(f) = 4*f + 4. Let b(n) = n. Let v(l) = -2*l**2 - 3*l - 2. Let j be v(-1). Let z(y) = j*w(y) + 3*b(y). Give z(0).
-4
Suppose -i - 2*z - 8 = 0, -4*z - z = 5*i + 30. Let d = 6 + i. Let k(f) = -f + 9 - 8 + 4*f - 4*f + 3*f**d. Give k(1).
3
Let d(c) = 2*c**2 + 3*c + 1. Let t be 6/27 + 21/27. Suppose 4*r - v + 4 = 0, 5*r + t = 2*v - 1. Determine d(r).
3
Let c(h) = -h**2 + 11*h + 14. Let w be c(12). Suppose 0 = 2*a - 10, -3 = t - 5*a + 4. Let d(k) = -7*k - 9*k - w + t*k. What is d(4)?
6
Let b be (-221)/(-136) + (-6)/(-16). Let x(p) = -9*p**2 + 4*p**2 + 4*p**b - 7*p. Give x(-4).
12
Let g(w) = 11*w**3 + 2*w**2 - 2*w + 1. Let o(j) = 56*j**3 + 11*j**2 - 10*j + 5. Let d(t) = 11*g(t) - 2*o(t). Let u(f) = 2*f + 25. Let z be u(-12). Give d(z).
8
Let q(b) = 2*b**2 - 25*b + 8. Let f(g) = -g**2 + 12*g - 4. Let y(m) = 9*f(m) + 4*q(m). Determine y(6).
8
Let v(x) = -x**2 - 1. Let y(g) = g**3 + 10*g**2 - 4*g + 10. Let d(n) = 5*v(n) + y(n). Suppose k + 2*s + 20 = -3*k, 0 = -5*k + 4*s - 38. Give d(k).
-7
Let r(v) = 287*v - 145*v - 2 - 144*v. Give r(3).
-8
Let q(m) = m**2 - 6*m - 6. Let x(n) = -21 - 31 - 5*n + 0*n - n. Let l be x(-10). Calculate q(l).
10
Let o(l) = 2*l**3 - 2*l**2 - l + 1. Let v(z) = -6*z**3 + 8*z**2 + 4*z - 3. Let b(g) = -4*o(g) - v(g). Give b(-1).
1
Let o(j) = -j**3 + 3*j. Let s(u) = 3*u + 2*u + u**2 + u**3 - 9*u. Let f(c) = 5*o(c) + 4*s(c). Calculate f(4).
-4
Let m(s) = 2 - 230*s - 5 + 232*s. Suppose 2*q + 10 = 2*z, q + 23 = -2*q - 5*z. Let t(r) = 2*r - 4. Let l(g) = q*m(g) + 5*t(g). Give l(-4).
6
Suppose 5*n + 6*k + 55 = k, n - 14 = 4*k. Let t(b) = b**3 - 3*b**2 + 2*b - 6. Let z(p) = p**3 + p**2 - p. Let q(d) = t(d) - 2*z(d). What is q(n)?
6
Let k(q) be the second derivative of q**4/12 + 7*q**3/6 + 3*q**2 - q. Suppose -112 = -128*f - 752. Determine k(f).
-4
Let l(r) = -4*r + 3*r**2 + 6*r + 3 - 5 - r. Calculate l(-2).
8
Let x(o) = -2*o - 5. Let l be x(-4). Let n(t) = t**3 - 4*t**2 - 62*t + 25. Let w be n(10). Let s(g) = 2 - g**l - 13*g + 16*g + w*g**2 - 6*g. Give s(4).
6
Let y(x) = -6*x + 9. Let u(g) = 16*g - 26. Let d(c) = -4*u(c) - 11*y(c). Calculate d(4).
13
Let z(p) = 6*p + 5. Let l(n) = -n. Let g(o) = -5*l(o) - z(o). Calculate g(-9).
4
Suppose w - 4 + 2 = 0. Suppose 0 = -0*a + w*a. Let o(x) = -x**2 - x. Determine o(a).
0
Let y = 1071 - 1073. Let q(j) = j**3 - 3. Give q(y).
-11
Let h = 6 + -1. Let r(o) = o - 10. Let v(s) = s - 20. Let l(j) = h*r(j) - 3*v(j). What is l(-8)?
-6
Suppose 2*p + 2*o = 28, 0*p +